at is the remainder when 325 is divided by 59?
30
What is the remainder when 1812 is divided by 33?
30
What is the remainder when 112 is divided by 40?
32
What is the remainder when 455 is divided by 151?
2
Calculate the remainder when 905 is divided by 296.
17
Calculate the remainder when 1208 is divided by 113.
78
Calculate the remainder when 478 is divided by 50.
28
What is the remainder when 559 is divided by 372?
187
What is the remainder when 968 is divided by 81?
77
What is the remainder when 494 is divided by 97?
9
What is the remainder when 80 is divided by 17?
12
Calculate the remainder when 936 is divided by 22.
12
What is the remainder when 100 is divided by 13?
9
Calculate the remainder when 208 is divided by 35.
33
Calculate the remainder when 327 is divided by 82.
81
Calculate the remainder when 180 is divided by 98.
82
Calculate the remainder when 527 is divided by 132.
131
Calculate the remainder when 349 is divided by 59.
54
What is the remainder when 242 is divided by 49?
46
Calculate the remainder when 421 is divided by 201.
19
Calculate the remainder when 984 is divided by 52.
48
What is the remainder when 30 is divided by 9?
3
What is the remainder when 56 is divided by 15?
11
What is the remainder when 273 is divided by 47?
38
Calculate the remainder when 869 is divided by 236.
161
Calculate the remainder when 8918 is divided by 40.
38
What is the remainder when 543 is divided by 50?
43
What is the remainder when 160 is divided by 41?
37
What is the remainder when 123 is divided by 42?
39
Calculate the remainder when 536 is divided by 25.
11
Calculate the remainder when 5826 is divided by 67.
64
Calculate the remainder when 26205 is divided by 168.
165
What is the remainder when 308 is divided by 31?
29
Calculate the remainder when 1596 is divided by 94.
92
Calculate the remainder when 156 is divided by 97.
59
Calculate the remainder when 1868 is divided by 110.
108
What is the remainder when 908 is divided by 450?
8
Calculate the remainder when 473 is divided by 21.
11
What is the remainder when 816 is divided by 123?
78
What is the remainder when 70 is divided by 36?
34
What is the remainder when 1880 is divided by 57?
56
Calculate the remainder when 197 is divided by 59.
20
What is the remainder when 29 is divided by 23?
6
Calculate the remainder when 248 is divided by 16.
8
Calculate the remainder when 4246 is divided by 56.
46
Calculate the remainder when 1208 is divided by 9.
2
Calculate the remainder when 131 is divided by 68.
63
Calculate the remainder when 38 is divided by 25.
13
Calculate the remainder when 86 is divided by 44.
42
What is the remainder when 2091 is divided by 2089?
2
Calculate the remainder when 2921 is divided by 63.
23
Calculate the remainder when 4643 is divided by 86.
85
What is the remainder when 385 is divided by 14?
7
Calculate the remainder when 317 is divided by 170.
147
Calculate the remainder when 414 is divided by 65.
24
What is the remainder when 1317 is divided by 44?
41
Calculate the remainder when 2166 is divided by 4.
2
What is the remainder when 735 is divided by 92?
91
What is the remainder when 1629 is divided by 96?
93
Calculate the remainder when 402 is divided by 15.
12
Calculate the remainder when 1719 is divided by 144.
135
Calculate the remainder when 5145 is divided by 143.
140
Calculate the remainder when 54596 is divided by 84.
80
Calculate the remainder when 485 is divided by 79.
11
Calculate the remainder when 20159 is divided by 18.
17
Calculate the remainder when 647 is divided by 81.
80
What is the remainder when 863 is divided by 288?
287
Calculate the remainder when 4685 is divided by 43.
41
What is the remainder when 499 is divided by 333?
166
Calculate the remainder when 17 is divided by 5.
2
Calculate the remainder when 23 is divided by 16.
7
What is the remainder when 137 is divided by 74?
63
What is the remainder when 363 is divided by 94?
81
Calculate the remainder when 1122 is divided by 94.
88
What is the remainder when 36 is divided by 31?
5
What is the remainder when 221 is divided by 42?
11
What is the remainder when 138 is divided by 14?
12
Calculate the remainder when 297 is divided by 36.
9
Calculate the remainder when 412 is divided by 32.
28
Calculate the remainder when 601 is divided by 550.
51
Calculate the remainder when 90 is divided by 73.
17
Calculate the remainder when 8545 is divided by 17.
11
Calculate the remainder when 4996 is divided by 21.
19
Calculate the remainder when 116 is divided by 9.
8
Calculate the remainder when 33 is divided by 13.
7
Calculate the remainder when 358 is divided by 99.
61
What is the remainder when 246 is divided by 19?
18
What is the remainder when 2139 is divided by 51?
48
What is the remainder when 22355 is divided by 6?
5
Calculate the remainder when 2099 is divided by 105.
104
What is the remainder when 250 is divided by 103?
44
Calculate the remainder when 1159 is divided by 43.
41
What is the remainder when 3470 is divided by 23?
20
What is the remainder when 5941 is divided by 21?
19
Calculate the remainder when 560 is divided by 51.
50
Calculate the remainder when 3024 is divided by 11.
10
What is the remainder when 203 is divided by 18?
5
What is the remainder when 9369 is divided by 10?
9
Calculate the remainder when 1784 is divided by 23.
13
What is the remainder when 2197 is divided by 71?
67
Calculate the remainder when 2679 is divided by 668.
7
What is the remainder when 94 is divided by 48?
46
Calculate the remainder when 279 is divided by 146.
133
What is the remainder when 594 is divided by 100?
94
What is the remainder when 386 is divided by 99?
89
What is the remainder when 461 is divided by 31?
27
What is the remainder when 82 is divided by 62?
20
What is the remainder when 183 is divided by 165?
18
What is the remainder when 485 is divided by 98?
93
Calculate the remainder when 1500 is divided by 291.
45
Calculate the remainder when 366 is divided by 113.
27
Calculate the remainder when 453 is divided by 73.
15
Calculate the remainder when 404 is divided by 373.
31
What is the remainder when 398 is divided by 34?
24
What is the remainder when 707 is divided by 10?
7
Calculate the remainder when 95 is divided by 24.
23
What is the remainder when 122 is divided by 56?
10
What is the remainder when 638 is divided by 3?
2
What is the remainder when 4411 is divided by 32?
27
What is the remainder when 146 is divided by 14?
6
What is the remainder when 138 is divided by 35?
33
What is the remainder when 1118 is divided by 368?
14
Calculate the remainder when 2270 is divided by 87.
8
What is the remainder when 2549 is divided by 116?
113
What is the remainder when 9147 is divided by 3047?
6
What is the remainder when 210 is divided by 55?
45
Calculate the remainder when 248 is divided by 63.
59
Calculate the remainder when 7947 is divided by 496.
11
Calculate the remainder when 697 is divided by 35.
32
Calculate the remainder when 76 is divided by 22.
10
What is the remainder when 453 is divided by 16?
5
What is the remainder when 13014 is divided by 283?
279
What is the remainder when 726 is divided by 183?
177
Calculate the remainder when 432 is divided by 241.
191
Calculate the remainder when 15095 is divided by 74.
73
Calculate the remainder when 201 is divided by 94.
13
What is the remainder when 1182 is divided by 148?
146
Calculate the remainder when 184 is divided by 17.
14
What is the remainder when 345 is divided by 38?
3
What is the remainder when 1307 is divided by 9?
2
What is the remainder when 199 is divided by 19?
9
What is the remainder when 300 is divided by 6?
0
What is the remainder when 6250 is divided by 446?
6
Calculate the remainder when 372 is divided by 11.
9
Calculate the remainder when 12127 is divided by 32.
31
What is the remainder when 248 is divided by 68?
44
What is the remainder when 565 is divided by 71?
68
What is the remainder when 135 is divided by 101?
34
What is the remainder when 82 is divided by 45?
37
What is the remainder when 583 is divided by 16?
7
Calculate the remainder when 471 is divided by 9.
3
What is the remainder when 109 is divided by 70?
39
What is the remainder when 706 is divided by 47?
1
What is the remainder when 253 is divide